prime factors of 396050.
2, 5, 89
List the prime factors of 3103492.
2, 7, 271, 409
List the prime factors of 12144050.
2, 5, 89, 2729
What are the prime factors of 2567093?
47, 193, 283
List the prime factors of 16222563.
3, 7, 257501
What are the prime factors of 79148?
2, 47, 421
List the prime factors of 418338.
2, 3, 61, 127
What are the prime factors of 3046942?
2, 1171, 1301
List the prime factors of 267850.
2, 5, 11, 487
List the prime factors of 707927.
11, 139, 463
What are the prime factors of 310137?
3, 19, 5441
List the prime factors of 9384039.
3, 7, 41, 173
List the prime factors of 32846604.
2, 3, 7, 391031
List the prime factors of 2140138.
2, 7, 11, 13, 1069
List the prime factors of 25823059.
107, 241337
What are the prime factors of 4368323?
4368323
List the prime factors of 134097.
3, 44699
List the prime factors of 5447445.
3, 5, 79, 4597
What are the prime factors of 5746043?
157, 36599
What are the prime factors of 7810918?
2, 29, 137, 983
What are the prime factors of 236041?
13, 67, 271
What are the prime factors of 71136?
2, 3, 13, 19
What are the prime factors of 20267723?
7, 17, 29, 839
List the prime factors of 584997.
3, 7, 89, 313
List the prime factors of 38412468.
2, 3, 4391
List the prime factors of 160924.
2, 40231
What are the prime factors of 404643?
3, 19, 31, 229
What are the prime factors of 6489556?
2, 277, 5857
List the prime factors of 219112.
2, 61, 449
List the prime factors of 899689.
7, 43, 61
List the prime factors of 250562.
2, 13, 23, 419
List the prime factors of 674029.
37, 18217
What are the prime factors of 989694?
2, 3, 54983
What are the prime factors of 4051696?
2, 11, 23021
List the prime factors of 1183116.
2, 3, 11, 8963
List the prime factors of 1422978.
2, 3, 237163
List the prime factors of 6449209.
13, 31, 1231
List the prime factors of 16474244.
2, 1951, 2111
What are the prime factors of 13005226?
2, 13, 109, 353
What are the prime factors of 2557372?
2, 457, 1399
What are the prime factors of 1868254?
2, 934127
What are the prime factors of 1047138?
2, 3, 199, 877
What are the prime factors of 363363?
3, 7, 11, 13
List the prime factors of 391226.
2, 11, 17783
What are the prime factors of 1333394?
2, 666697
What are the prime factors of 339936?
2, 3, 3541
List the prime factors of 1493880.
2, 3, 5, 59, 211
What are the prime factors of 291142?
2, 17, 8563
What are the prime factors of 6022976?
2, 94109
List the prime factors of 6129966.
2, 3, 1021661
What are the prime factors of 24857965?
5, 11, 137, 3299
List the prime factors of 446515.
5, 89303
List the prime factors of 9485514.
2, 3, 41, 12853
List the prime factors of 23457994.
2, 7, 17, 98563
List the prime factors of 16540198.
2, 1663, 4973
List the prime factors of 191301.
3, 11, 17, 31
What are the prime factors of 11814018?
2, 3, 53, 97, 383
What are the prime factors of 4023883?
17, 236699
List the prime factors of 296551.
296551
What are the prime factors of 385468?
2, 29, 3323
List the prime factors of 1054293.
3, 97, 3623
What are the prime factors of 150791?
150791
List the prime factors of 468720.
2, 3, 5, 7, 31
List the prime factors of 288537.
3, 96179
What are the prime factors of 1006272?
2, 3, 1747
What are the prime factors of 2776653?
3, 11, 9349
What are the prime factors of 361788?
2, 3, 7, 59, 73
What are the prime factors of 265139?
7, 773
What are the prime factors of 1317153?
3, 67, 6553
What are the prime factors of 1269955?
5, 499, 509
What are the prime factors of 18293?
11, 1663
What are the prime factors of 452361?
3, 7, 13, 1657
List the prime factors of 3782507.
3782507
List the prime factors of 435660.
2, 3, 5, 53, 137
What are the prime factors of 13268713?
31, 428023
What are the prime factors of 25311749?
25311749
List the prime factors of 3990363.
3, 13, 102317
List the prime factors of 250617.
3, 139, 601
List the prime factors of 19033.
7, 2719
What are the prime factors of 644358?
2, 3, 11, 13, 751
What are the prime factors of 147318?
2, 3, 43, 571
List the prime factors of 8034949.
13, 751, 823
List the prime factors of 8705.
5, 1741
What are the prime factors of 4947402?
2, 3, 709, 1163
List the prime factors of 1382717.
7, 53, 3727
List the prime factors of 2626658.
2, 1313329
List the prime factors of 920124.
2, 3, 61, 419
What are the prime factors of 13731603?
3, 83, 55147
What are the prime factors of 4421889?
3, 19, 1361
What are the prime factors of 1364314?
2, 7, 19, 23, 223
What are the prime factors of 7396135?
5, 31, 47717
List the prime factors of 3289840.
2, 5, 17, 41, 59
List the prime factors of 22759040.
2, 5, 43, 827
What are the prime factors of 313453?
7, 6397
What are the prime factors of 3490711?
7, 10177
List the prime factors of 5305069.
7, 11, 68897
What are the prime factors of 1549745?
5, 37, 8377
What are the prime factors of 27117998?
2, 349, 38851
What are the prime factors of 14429607?
3, 19, 149, 1699
What are the prime factors of 2885520?
2, 3, 5, 11, 1093
What are the prime factors of 635636?
2, 158909
What are the prime factors of 1070435?
5, 214087
What are the prime factors of 1345048?
2, 19, 8849
List the prime factors of 330623.
330623
List the prime factors of 373153.
11, 33923
List the prime factors of 267127.
7, 31, 1231
What are the prime factors of 255350?
2, 5, 5107
What are the prime factors of 380382?
2, 3, 63397
List the prime factors of 8693357.
677, 12841
What are the prime factors of 2120240?
2, 5, 17, 1559
List the prime factors of 5554082.
2, 53, 151, 347
What are the prime factors of 281647?
281647
What are the prime factors of 884335?
5, 137, 1291
What are the prime factors of 25807981?
37, 697513
List the prime factors of 417266.
2, 23, 47, 193
What are the prime factors of 12211745?
5, 7, 13, 26839
What are the prime factors of 911910?
2, 3, 5, 113, 269
What are the prime factors of 10176994?
2, 23, 221239
What are the prime factors of 4504347?
3, 500483
What are the prime factors of 22030870?
2, 5, 2203087
List the prime factors of 893752.
2, 47, 2377
List the prime factors of 778126.
2, 19, 20477
List the prime factors of 1653069.
3, 11, 50093
List the prime factors of 9300626.
2, 677, 6869
List the prime factors of 115745.
5, 7, 3307
What are the prime factors of 1921989?
3, 640663
What are the prime factors of 13974109?
379, 36871
What are the prime factors of 8555409?
3, 43, 7369
What are the prime factors of 9005929?
241, 37369
List the prime factors of 2097661.
881, 2381
What are the prime factors of 314176?
2, 4909
List the prime factors of 780823.
780823
List the prime factors of 26674256.
2, 7, 238163
What are the prime factors of 394856?
2, 7, 11, 641
What are the prime factors of 665396?
2, 166349
List the prime factors of 209935.
5, 11, 347
List the prime factors of 1135218.
2, 3, 7, 151, 179
What are the prime factors of 602794?
2, 19, 29, 547
List the prime factors of 36266917.
36266917
What are the prime factors of 338286?
2, 3, 13, 4337
List the prime factors of 6030310.
2, 5, 11, 13, 4217
What are the prime factors of 6614741?
7, 944963
List the prime factors of 1087368.
2, 3, 45307
List the prime factors of 17368.
2, 13, 167
List the prime factors of 1197416.
2, 11, 1237
What are the prime factors of 24036780?
2, 3, 5, 31, 12923
What are the prime factors of 2447537?
349, 7013
List the prime factors of 2583666.
2, 3, 143537
What are the prime factors of 1213604?
2, 7, 89, 487
List the prime factors of 1240620.
2, 3, 5, 23, 29, 31
List the prime factors of 34412.
2, 7, 1229
List the prime factors of 163639.
7, 97, 241
List the prime factors of 4384051.
7, 31, 89, 227
What are the prime factors of 599196?
2, 3, 13, 23, 167
List the prime factors of 539009.
539009
What are the prime factors of 9649004?
2, 1093, 2207
What are the prime factors of 10349176?
2, 1293647
List the prime factors of 35718151.
7, 5102593
What are the prime factors of 100381?
37, 2713
List the prime factors of 176925.
3, 5, 7, 337
What are the prime factors of 61155?
3, 5, 151
What are the prime factors of 1331592?
2, 3, 113, 491
What are the prime factors of 31008089?
7, 877, 5051
What are the prime factors of 1249966?
2, 624983
List the prime factors of 3511368.
2, 3, 7, 6967
What are the prime factors of 649787?
649787
What ar